9968980?
True
Does 35 divide 436248?
False
Is 30 a factor of 18019?
False
Is 10 a factor of 85410?
True
Is 4 a factor of 115612?
True
Does 13 divide 12919850?
False
Does 4 divide 4930388?
True
Does 19 divide 581773?
False
Is 13 a factor of 186693?
True
Is 5980944 a multiple of 212?
True
Is 93 a factor of 378691?
False
Is 241416 a multiple of 56?
True
Is 4 a factor of 111900?
True
Is 259554 a multiple of 478?
True
Does 298 divide 107343?
False
Is 17316 a multiple of 156?
True
Does 200 divide 609400?
True
Does 52 divide 142480?
True
Does 4 divide 3942428?
True
Does 14 divide 1580813?
False
Is 101 a factor of 4299469?
True
Is 411707 a multiple of 208?
False
Is 138432 a multiple of 64?
True
Is 32 a factor of 4403232?
True
Does 29 divide 353307?
True
Is 24896 a multiple of 35?
False
Is 4681201 a multiple of 1159?
True
Is 3 a factor of 1059054?
True
Is 8814820 a multiple of 2212?
True
Is 198696 a multiple of 24?
True
Is 98 a factor of 452368?
True
Does 5 divide 1247370?
True
Does 17 divide 419082?
False
Is 28782911 a multiple of 87?
False
Does 18 divide 5085054?
True
Does 35 divide 1775200?
True
Does 9 divide 21917?
False
Is 9 a factor of 17179?
False
Is 170576 a multiple of 28?
True
Does 7 divide 676095?
True
Is 466725 a multiple of 771?
False
Is 40 a factor of 1840977?
False
Is 234 a factor of 62478?
True
Is 276930 a multiple of 21?
False
Does 554 divide 117812?
False
Is 9 a factor of 100590?
False
Does 2 divide 117468?
True
Does 24 divide 39532?
False
Does 116 divide 9461656?
True
Does 4 divide 169646?
False
Does 25 divide 498350?
True
Is 6905312 a multiple of 62?
True
Does 105 divide 22822959?
False
Is 2057769 a multiple of 7?
True
Is 565 a factor of 1304585?
True
Does 8 divide 249480?
True
Is 6865040 a multiple of 88?
False
Is 251 a factor of 296431?
True
Is 413266 a multiple of 4?
False
Is 42679 a multiple of 13?
True
Does 14 divide 539952?
True
Is 101 a factor of 347642?
True
Does 32 divide 1257824?
True
Does 84 divide 350462?
False
Does 18 divide 53730?
True
Is 310 a factor of 1120309?
False
Is 19 a factor of 3999842?
True
Is 706724 a multiple of 18?
False
Is 16376391 a multiple of 207?
True
Is 128 a factor of 129635?
False
Is 94166 a multiple of 38?
False
Is 2171572 a multiple of 4?
True
Is 31 a factor of 171492?
True
Is 934 a factor of 12146670?
True
Does 104 divide 90299?
False
Is 3020890 a multiple of 165?
False
Does 104 divide 24855295?
False
Does 182 divide 14240?
False
Does 131 divide 10877910?
False
Does 5 divide 23563?
False
Is 25680 a multiple of 10?
True
Is 17 a factor of 20005?
False
Is 15 a factor of 4416871?
False
Is 47 a factor of 211782?
True
Does 38 divide 21938685?
False
Is 484 a factor of 251680?
True
Does 1460 divide 5155859?
False
Is 430756 a multiple of 226?
True
Does 832 divide 911040?
True
Is 14 a factor of 128100?
True
Is 68761 a multiple of 7?
True
Is 52 a factor of 17596020?
True
Does 13 divide 5903014?
True
Is 120 a factor of 43800?
True
Is 28 a factor of 101304?
True
Is 448932 a multiple of 19?
True
Is 367586 a multiple of 7?
False
Is 18 a factor of 74502?
True
Is 98 a factor of 149450?
True
Does 3 divide 171360?
True
Does 25 divide 10273719?
False
Does 437 divide 829863?
True
Does 136 divide 162656?
True
Does 1499 divide 382245?
True
Does 2 divide 31969?
False
Does 497 divide 41027?
False
Does 60 divide 2591760?
True
Does 334 divide 71476?
True
Does 8 divide 302421?
False
Is 32 a factor of 17408?
True
Is 1378877 a multiple of 304?
False
Is 366890 a multiple of 19?
True
Does 102 divide 471036?
True
Does 14 divide 1553561?
False
Is 3030973 a multiple of 10?
False
Is 6600766 a multiple of 79?
True
Is 1998123 a multiple of 22?
False
Is 21464466 a multiple of 87?
True
Does 103 divide 308073?
True
Is 446267 a multiple of 17?
True
Does 78 divide 379938?
True
Does 111 divide 18445953?
False
Does 31 divide 61783?
True
Is 110 a factor of 358012?
False
Does 627 divide 3081705?
True
Is 97 a factor of 49873?
False
Does 635 divide 2178129?
False
Is 71 a factor of 100945?
False
Does 373 divide 41776?
True
Does 624 divide 318626?
False
Does 5 divide 1019960?
True
Is 489 a factor of 8813152?
False
Does 4 divide 7960?
True
Is 198 a factor of 750420?
True
Is 1029 a factor of 3474250?
False
Is 853 a factor of 25776234?
False
Does 497 divide 4957671?
False
Is 13 a factor of 4395954?
False
Is 12927 a multiple of 2?
False
Is 2741043 a multiple of 523?
True
Is 118843 a multiple of 203?
False
Is 1341212 a multiple of 26?
False
Is 264 a factor of 173237?
False
Does 11 divide 11203?
False
Does 34 divide 659337?
False
Does 5 divide 1921211?
False
Does 12 divide 4022352?
True
Is 30 a factor of 253500?
True
Is 44 a factor of 280808?
True
Does 22 divide 1911448?
True
Is 497146 a multiple of 5?
False
Is 6379292 a multiple of 33?
False
Is 1313037 a multiple of 27?
True
Does 93 divide 9370075?
False
Is 3248109 a multiple of 221?
False
Is 4830930 a multiple of 90?
True
Is 28 a factor of 12331734?
False
Does 24 divide 10344408?
True
Does 24 divide 3749101?
False
Does 15 divide 3539396?
False
Is 25 a factor of 2081350?
True
Is 149339 a multiple of 24?
False
Does 652 divide 129748?
True
Is 11086669 a multiple of 100?
False
Does 13 divide 5951854?
False
Is 144 a factor of 168222?
False
Is 1639 a factor of 3641195?
False
Is 7 a factor of 4334541?
False
Does 14 divide 664694?
False
Is 11 a factor of 122298?
True
Is 20913 a multiple of 5?
False
Is 13630140 a multiple of 108?
True
Does 5 divide 48106?
False
Is 119 a factor of 14538587?
True
Is 1579504 a multiple of 16?
True
Does 20 divide 1948416?
False
Is 204 a factor of 45696?
True
Does 661 divide 318602?
True
Is 725 a factor of 7544806?
False
Is 118014 a multiple of 34?
True
Is 356 a factor of 2443714?
False
Is 11 a factor of 606170?
False
Is 38 a factor of 399704?
False
Does 285 divide 18740?
False
Does 1344 divide 470400?
True
Is 885 a factor of 2327550?
True
Is 3821100 a multiple of 1626?
True
Does 17 divide 2152149?
True
Is 32 a factor of 709024?
True
Does 57 divide 28131?
False
Is 874440 a multiple of 105?
True
Is 212 a factor of 1859527?
False
Is 1789897 a multiple of 16?
False
Is 1443946 a multiple of 472?
False
Is 16 a factor of 112636?
False
Does 324 divide 709884?
True
Is 300 a factor of 14590200?
True
Is 64557 a multiple of 81?
True
Is 164160 a multiple of 60?
True
Is 56 a factor of 388528?
True
Is 32 a factor of 292672?
True
Is 11089 a multiple of 64?
False
Is 2431722 a multiple of 846?
False
Does 69 divide 686205?
True
Is 66154 even?
True
Does 62 divide 4016670?
True
Is 42 a factor of 95886?
True
Is 59 a factor of 553524?
False
Is 402 a factor of 73164?
True
Does 5 divide 27654?
False
Does 3 divide 19155?
True
Is 28688073 a multiple of 44?
False
Is 27 a factor of 1265?
False
Does 15 divide 7274181?
False
Is 9 a factor of 57471?
False
Does 21 divide 280264?
False
Does 135 divide 295816?
False
Does 12 divide 14642?
False
Does 106 divide 216439?
False
Is 9 a factor of 2286342?
True
Is 840444 a multiple of 132?
True
Does 1099 divide 1913359?
True
Is 2275748 a multiple of 190?
False
Is 27 a factor of 106191?
True
Does 278 divide 115370?
True
Is 1718 a factor of 13845362?
True
Does 11 divide 311229?
False
Is 623287 a multiple of 11?
False
Is 96532 a multiple of 6?
False
Does 36 divide 1215648?
True
Does 13 divide 9778275?
True
Does 22 divide 4485162?
True
Is 55 a factor of 22880?
True
Does 240 divide 118400?
False
Does 1220 divide 1862940?
True
Does 72 divide 124052?
False
Is 45 a factor of 13112638?
False
Is 41 a factor of 279538?
True
Is 89547 a multiple of 18?
False
Is 10 a factor of 385486?
False
Is 1390 a factor of 1727770?
True
Does 213 divide 331641?
True
Does 45 divide 1440?
True
Is 499 a factor of 2629549?
False
Does 27 divide 1122976?
False
Does 3 divide 1456884?
True
Does 247 divide 447317?
True
Is 62670 a multiple of 10?
True
Is 367412 a multiple of 31?
True
Is 3 a factor of 432206?
False
Is 16559 a multiple of 20?
False
Is 117 a factor of 564993?
True
Is 101 a factor of 925525?
False
Does 100 divide 2469600?
True
Does 5 divide 198050?
True
Is 1466883 a multiple of 1347?
True
Is 6 a factor of 62261?
False
Is 1155726 a multiple of 449?
True
Does 66 divide 204666?
True
Is 551844 a multiple of 48?
False
Is 483 a factor of 1055838?
True
Does 12 divide 4498791?
False
Is 29 a factor 